129856569.
3, 37, 1169879
List the prime factors of 278747160.
2, 3, 5, 1433, 1621
List the prime factors of 420866835.
3, 5, 28057789
What are the prime factors of 1994712068?
2, 17, 233, 125897
What are the prime factors of 414655032?
2, 3, 11, 1570663
What are the prime factors of 54372729?
3, 31, 131, 4463
What are the prime factors of 177151878?
2, 3, 9841771
List the prime factors of 620180816.
2, 2683, 14447
What are the prime factors of 68122869?
3, 2287, 9929
What are the prime factors of 417659529?
3, 7, 19888549
What are the prime factors of 1220454398?
2, 19, 37, 868033
What are the prime factors of 365382167?
365382167
What are the prime factors of 479978573?
607, 790739
List the prime factors of 36745305.
3, 5, 47, 52121
List the prime factors of 1046385797.
181, 1609, 3593
What are the prime factors of 674679357?
3, 11, 17, 311, 1289
List the prime factors of 32370279.
3, 41, 89, 2957
List the prime factors of 68456343.
3, 59, 439, 881
List the prime factors of 1191184512.
2, 3, 7, 29, 37, 59
List the prime factors of 1428773895.
3, 5, 919, 34549
List the prime factors of 302837218.
2, 17, 43, 207139
List the prime factors of 906637493.
853, 1062881
What are the prime factors of 169775207?
7, 1747, 13883
List the prime factors of 824277190.
2, 5, 11, 19, 457, 863
What are the prime factors of 99989777?
983, 101719
List the prime factors of 20797842.
2, 3, 13, 23, 11593
List the prime factors of 44244664.
2, 1109, 4987
What are the prime factors of 2385010211?
2385010211
List the prime factors of 586168079.
7, 83738297
What are the prime factors of 5111530?
2, 5, 511153
What are the prime factors of 37356559?
1321, 28279
List the prime factors of 2916580627.
211, 13822657
List the prime factors of 114120474.
2, 3, 13, 157, 9319
List the prime factors of 4307552541.
3, 53179661
What are the prime factors of 43138991?
7, 1109, 5557
List the prime factors of 205656810.
2, 3, 5, 6855227
What are the prime factors of 127960179?
3, 47, 53, 17123
What are the prime factors of 67750159?
31, 911, 2399
What are the prime factors of 784064788?
2, 13, 271, 55639
What are the prime factors of 1179381420?
2, 3, 5, 7, 263, 3559
List the prime factors of 1389478448.
2, 86842403
What are the prime factors of 1984466032?
2, 17, 67, 108893
List the prime factors of 812087719.
812087719
List the prime factors of 464646657.
3, 1913, 80963
What are the prime factors of 132301362?
2, 3, 331, 66617
List the prime factors of 119967591.
3, 59, 677783
List the prime factors of 372187982.
2, 1459, 127549
List the prime factors of 1371013622.
2, 11, 62318801
List the prime factors of 35312222.
2, 11, 19, 23, 3673
List the prime factors of 2028627577.
23, 139, 634541
List the prime factors of 1139601907.
23, 997, 49697
List the prime factors of 58384281.
3, 23, 846149
What are the prime factors of 2805467569?
29, 167, 579283
List the prime factors of 4461068661.
3, 7, 23, 9236167
List the prime factors of 596389558.
2, 61, 599, 8161
What are the prime factors of 4910597990?
2, 5, 3191, 153889
List the prime factors of 3901473957.
3, 97, 1543, 8689
List the prime factors of 344102042.
2, 59, 2916119
What are the prime factors of 157454105?
5, 31490821
List the prime factors of 336986588.
2, 84246647
What are the prime factors of 259053492?
2, 3, 21587791
List the prime factors of 74576592.
2, 3, 47, 3673
What are the prime factors of 125920951?
13, 53, 179, 1021
List the prime factors of 807660601.
11, 6674881
What are the prime factors of 79200275?
5, 7, 11, 41143
List the prime factors of 169440678.
2, 3, 11, 23, 29, 1283
What are the prime factors of 6776816376?
2, 3, 11, 997, 25747
List the prime factors of 517793595.
3, 5, 11, 23, 47, 2903
List the prime factors of 414417488.
2, 43, 602351
List the prime factors of 9695501177.
79, 353, 347671
What are the prime factors of 116909173?
983, 118931
List the prime factors of 335281304.
2, 23, 1822181
What are the prime factors of 558833731?
41, 13630091
What are the prime factors of 50763167?
7, 13, 79691
What are the prime factors of 313827706?
2, 89, 397, 4441
What are the prime factors of 2988000039?
3, 43, 23162791
List the prime factors of 998201726.
2, 109, 4578907
List the prime factors of 605080955.
5, 3221, 37571
List the prime factors of 994394904.
2, 3, 53, 73, 10709
List the prime factors of 332968388.
2, 19, 59, 74257
What are the prime factors of 44891025?
3, 5, 751, 797
What are the prime factors of 90102723?
3, 397, 75653
What are the prime factors of 551388?
2, 3, 45949
What are the prime factors of 1513957630?
2, 5, 151395763
What are the prime factors of 1496863403?
7, 277, 743, 1039
List the prime factors of 737604110.
2, 5, 113, 652747
List the prime factors of 69344644.
2, 31, 559231
What are the prime factors of 215183675?
5, 7, 37, 167, 199
What are the prime factors of 714379218?
2, 3, 7, 23, 739523
What are the prime factors of 4928494?
2, 79, 31193
What are the prime factors of 2507774810?
2, 5, 1723, 145547
List the prime factors of 23635849.
23635849
What are the prime factors of 44908041?
3, 2381, 6287
What are the prime factors of 128037002?
2, 89, 593, 1213
List the prime factors of 197292263.
7, 89, 316681
List the prime factors of 110979068.
2, 67, 414101
List the prime factors of 197102823.
3, 65700941
What are the prime factors of 17875476?
2, 3, 683, 727
List the prime factors of 34127800.
2, 5, 7, 19, 1283
What are the prime factors of 33420718?
2, 43, 229, 1697
What are the prime factors of 121832485?
5, 97, 251201
What are the prime factors of 3158069162?
2, 1579034581
List the prime factors of 158152076.
2, 39538019
List the prime factors of 126073277.
11, 11461207
What are the prime factors of 2763888301?
103, 26833867
What are the prime factors of 490413093?
3, 17, 269, 35747
List the prime factors of 284630023.
2281, 124783
What are the prime factors of 30072649?
19, 101, 15671
What are the prime factors of 466693343?
466693343
List the prime factors of 2259363951.
3, 13, 19310803
What are the prime factors of 1790564077?
1790564077
What are the prime factors of 4290969647?
2693, 1593379
What are the prime factors of 455961552?
2, 3, 9499199
What are the prime factors of 4733687468?
2, 17, 69613051
List the prime factors of 4701962032.
2, 293872627
What are the prime factors of 441578189?
13, 33967553
What are the prime factors of 838975036?
2, 3049, 68791
List the prime factors of 1348977323.
257, 359, 14621
What are the prime factors of 339434131?
43, 103, 173, 443
List the prime factors of 43692126.
2, 3, 491, 14831
List the prime factors of 3219660.
2, 3, 5, 31, 577
What are the prime factors of 91704362?
2, 457, 100333
What are the prime factors of 104561756?
2, 13, 617, 3259
What are the prime factors of 973964729?
53, 67, 157, 1747
List the prime factors of 4979401583.
13, 23, 59, 277, 1019
What are the prime factors of 1925351790?
2, 3, 5, 211, 304163
What are the prime factors of 581302195?
5, 251, 463189
What are the prime factors of 102201691?
102201691
List the prime factors of 691463759.
7, 1663, 59399
What are the prime factors of 353508496?
2, 11, 2008571
List the prime factors of 1176577429.
17, 1117, 61961
List the prime factors of 3426873611.
7, 19, 25765967
List the prime factors of 46399319.
46399319
What are the prime factors of 293410423?
353, 831191
List the prime factors of 23784394.
2, 17, 699541
What are the prime factors of 178326658?
2, 89163329
List the prime factors of 637373629.
29, 21978401
List the prime factors of 2054302810.
2, 5, 7, 29347183
List the prime factors of 318608243.
9181, 34703
What are the prime factors of 58265343?
3, 19, 37, 9209
List the prime factors of 6120979092.
2, 3, 79, 613, 3511
List the prime factors of 2247019887.
3, 7, 9377, 11411
List the prime factors of 264971562.
2, 3, 44161927
What are the prime factors of 1683808713?
3, 187089857
List the prime factors of 1791397655.
5, 358279531
What are the prime factors of 67966160?
2, 5, 337, 2521
List the prime factors of 1233872047.
1233872047
What are the prime factors of 147147749?
7, 21021107
What are the prime factors of 4153439108?
2, 7, 13, 1471, 7757
List the prime factors of 2031979508.
2, 13, 53, 737293
What are the prime factors of 1189752285?
3,